{"id":291,"date":"2018-07-13T14:42:14","date_gmt":"2018-07-13T14:42:14","guid":{"rendered":"http:\/\/www.reencontro.pt\/?page_id=291"},"modified":"2018-07-17T12:39:37","modified_gmt":"2018-07-17T12:39:37","slug":"donativo","status":"publish","type":"page","link":"https:\/\/www.reencontro.pt\/index.php\/donativo\/","title":{"rendered":"Donativo"},"content":{"rendered":"<div id=\"pl-291\"  class=\"panel-layout\" ><div id=\"pg-291-0\"  class=\"panel-grid panel-has-style\" ><div style=\"padding: 100px 0; \" data-overlay=\"true\" class=\"panel-row-style panel-row-style-for-291-0\" ><div id=\"pgc-291-0-0\"  class=\"panel-grid-cell\" ><div id=\"panel-291-0-0-0\" class=\"so-panel widget widget_sow-editor panel-first-child panel-last-child\" data-index=\"0\" ><div style=\"text-align: left;\" data-title-color=\"#443f3f\" data-headings-color=\"#443f3f\" class=\"panel-widget-style panel-widget-style-for-291-0-0-0\" ><div\n\t\t\t\n\t\t\tclass=\"so-widget-sow-editor so-widget-sow-editor-base\"\n\t\t\t\n\t\t><h3 class=\"widget-title\">Fa\u00e7a um donativo para a nossa causa<\/h3>\n<div class=\"siteorigin-widget-tinymce textwidget\">\n\t<p>Pode ajudar a Reencontro atrav\u00e9s do seu donativo.<\/p>\n<p>Pode faz\u00ea-lo directamente nas nossas instala\u00e7\u00f5es ou por transfer\u00eancia banc\u00e1ria.<\/p>\n<p>Ser\u00e1 passado um recibo de comprovativo.<\/p>\n<p>IBAN: PT50 0045 406040265771787 48<\/p>\n<p>BIC \/ SWIFT: CCCMPTPL<\/p>\n<p>Muito obrigado(a)!<\/p>\n<p>&nbsp;<\/p>\n<\/div>\n<\/div><\/div><\/div><\/div><div id=\"pgc-291-0-1\"  class=\"panel-grid-cell\" ><div id=\"panel-291-0-1-0\" class=\"so-panel widget widget_sow-image panel-first-child panel-last-child\" data-index=\"1\" ><div style=\"text-align: left;\" data-title-color=\"#443f3f\" data-headings-color=\"#443f3f\" class=\"panel-widget-style panel-widget-style-for-291-0-1-0\" ><div\n\t\t\t\n\t\t\tclass=\"so-widget-sow-image so-widget-sow-image-default-8b5b6f678277-291\"\n\t\t\t\n\t\t>\n<div class=\"sow-image-container\">\n\t\t<img \n\tsrc=\"https:\/\/www.reencontro.pt\/wp-content\/uploads\/2018\/07\/donativo.jpg\" width=\"448\" height=\"328\" srcset=\"https:\/\/www.reencontro.pt\/wp-content\/uploads\/2018\/07\/donativo.jpg 448w, https:\/\/www.reencontro.pt\/wp-content\/uploads\/2018\/07\/donativo-300x220.jpg 300w, https:\/\/www.reencontro.pt\/wp-content\/uploads\/2018\/07\/donativo-230x168.jpg 230w, https:\/\/www.reencontro.pt\/wp-content\/uploads\/2018\/07\/donativo-350x256.jpg 350w\" sizes=\"(max-width: 448px) 100vw, 448px\" alt=\"\" \t\tclass=\"so-widget-image\"\/>\n\t<\/div>\n\n<\/div><\/div><\/div><\/div><\/div><\/div><\/div>","protected":false},"excerpt":{"rendered":"<p>Pode ajudar a Reencontro atrav\u00e9s do seu donativo. Pode faz\u00ea-lo directamente nas nossas instala\u00e7\u00f5es ou por transfer\u00eancia banc\u00e1ria. Ser\u00e1 passado um recibo de comprovativo. IBAN: PT50 0045 406040265771787 48 BIC \/ SWIFT: CCCMPTPL Muito obrigado(a)! &nbsp;<\/p>\n","protected":false},"author":4,"featured_media":0,"parent":0,"menu_order":0,"comment_status":"closed","ping_status":"closed","template":"page-templates\/page_front-page.php","meta":{"footnotes":""},"class_list":["post-291","page","type-page","status-publish","hentry"],"yoast_head":"<!-- This site is optimized with the Yoast SEO plugin v27.5 - https:\/\/yoast.com\/product\/yoast-seo-wordpress\/ -->\n<title>Donativo - Reencontro<\/title>\n<meta name=\"robots\" content=\"index, follow, max-snippet:-1, max-image-preview:large, max-video-preview:-1\" \/>\n<link rel=\"canonical\" href=\"https:\/\/www.reencontro.pt\/index.php\/donativo\/\" \/>\n<meta property=\"og:locale\" content=\"pt_PT\" \/>\n<meta property=\"og:type\" content=\"article\" \/>\n<meta property=\"og:title\" content=\"Donativo - Reencontro\" \/>\n<meta property=\"og:description\" content=\"Pode ajudar a Reencontro atrav\u00e9s do seu donativo. Pode faz\u00ea-lo directamente nas nossas instala\u00e7\u00f5es ou por transfer\u00eancia banc\u00e1ria. Ser\u00e1 passado um recibo de comprovativo. IBAN: PT50 0045 406040265771787 48 BIC \/ SWIFT: CCCMPTPL Muito obrigado(a)! &nbsp;\" \/>\n<meta property=\"og:url\" content=\"https:\/\/www.reencontro.pt\/index.php\/donativo\/\" \/>\n<meta property=\"og:site_name\" content=\"Reencontro\" \/>\n<meta property=\"article:publisher\" content=\"https:\/\/www.facebook.com\/Reencontro-1465154387051680\/\" \/>\n<meta property=\"article:modified_time\" content=\"2018-07-17T12:39:37+00:00\" \/>\n<meta name=\"twitter:card\" content=\"summary_large_image\" \/>\n<script type=\"application\/ld+json\" class=\"yoast-schema-graph\">{\"@context\":\"https:\\\/\\\/schema.org\",\"@graph\":[{\"@type\":\"WebPage\",\"@id\":\"https:\\\/\\\/www.reencontro.pt\\\/index.php\\\/donativo\\\/\",\"url\":\"https:\\\/\\\/www.reencontro.pt\\\/index.php\\\/donativo\\\/\",\"name\":\"Donativo - Reencontro\",\"isPartOf\":{\"@id\":\"https:\\\/\\\/www.reencontro.pt\\\/#website\"},\"datePublished\":\"2018-07-13T14:42:14+00:00\",\"dateModified\":\"2018-07-17T12:39:37+00:00\",\"breadcrumb\":{\"@id\":\"https:\\\/\\\/www.reencontro.pt\\\/index.php\\\/donativo\\\/#breadcrumb\"},\"inLanguage\":\"pt-PT\",\"potentialAction\":[{\"@type\":\"ReadAction\",\"target\":[\"https:\\\/\\\/www.reencontro.pt\\\/index.php\\\/donativo\\\/\"]}]},{\"@type\":\"BreadcrumbList\",\"@id\":\"https:\\\/\\\/www.reencontro.pt\\\/index.php\\\/donativo\\\/#breadcrumb\",\"itemListElement\":[{\"@type\":\"ListItem\",\"position\":1,\"name\":\"Home\",\"item\":\"https:\\\/\\\/www.reencontro.pt\\\/\"},{\"@type\":\"ListItem\",\"position\":2,\"name\":\"Donativo\"}]},{\"@type\":\"WebSite\",\"@id\":\"https:\\\/\\\/www.reencontro.pt\\\/#website\",\"url\":\"https:\\\/\\\/www.reencontro.pt\\\/\",\"name\":\"Reencontro\",\"description\":\"Associa\u00e7\u00e3o\",\"publisher\":{\"@id\":\"https:\\\/\\\/www.reencontro.pt\\\/#organization\"},\"potentialAction\":[{\"@type\":\"SearchAction\",\"target\":{\"@type\":\"EntryPoint\",\"urlTemplate\":\"https:\\\/\\\/www.reencontro.pt\\\/?s={search_term_string}\"},\"query-input\":{\"@type\":\"PropertyValueSpecification\",\"valueRequired\":true,\"valueName\":\"search_term_string\"}}],\"inLanguage\":\"pt-PT\"},{\"@type\":\"Organization\",\"@id\":\"https:\\\/\\\/www.reencontro.pt\\\/#organization\",\"name\":\"Associa\u00e7\u00e3o Reencontro\",\"url\":\"https:\\\/\\\/www.reencontro.pt\\\/\",\"logo\":{\"@type\":\"ImageObject\",\"inLanguage\":\"pt-PT\",\"@id\":\"https:\\\/\\\/www.reencontro.pt\\\/#\\\/schema\\\/logo\\\/image\\\/\",\"url\":\"https:\\\/\\\/www.reencontro.pt\\\/wp-content\\\/uploads\\\/2018\\\/07\\\/logo11.png\",\"contentUrl\":\"https:\\\/\\\/www.reencontro.pt\\\/wp-content\\\/uploads\\\/2018\\\/07\\\/logo11.png\",\"width\":443,\"height\":174,\"caption\":\"Associa\u00e7\u00e3o Reencontro\"},\"image\":{\"@id\":\"https:\\\/\\\/www.reencontro.pt\\\/#\\\/schema\\\/logo\\\/image\\\/\"},\"sameAs\":[\"https:\\\/\\\/www.facebook.com\\\/Reencontro-1465154387051680\\\/\"]}]}<\/script>\n<!-- \/ Yoast SEO plugin. -->","yoast_head_json":{"title":"Donativo - Reencontro","robots":{"index":"index","follow":"follow","max-snippet":"max-snippet:-1","max-image-preview":"max-image-preview:large","max-video-preview":"max-video-preview:-1"},"canonical":"https:\/\/www.reencontro.pt\/index.php\/donativo\/","og_locale":"pt_PT","og_type":"article","og_title":"Donativo - Reencontro","og_description":"Pode ajudar a Reencontro atrav\u00e9s do seu donativo. Pode faz\u00ea-lo directamente nas nossas instala\u00e7\u00f5es ou por transfer\u00eancia banc\u00e1ria. Ser\u00e1 passado um recibo de comprovativo. IBAN: PT50 0045 406040265771787 48 BIC \/ SWIFT: CCCMPTPL Muito obrigado(a)! &nbsp;","og_url":"https:\/\/www.reencontro.pt\/index.php\/donativo\/","og_site_name":"Reencontro","article_publisher":"https:\/\/www.facebook.com\/Reencontro-1465154387051680\/","article_modified_time":"2018-07-17T12:39:37+00:00","twitter_card":"summary_large_image","schema":{"@context":"https:\/\/schema.org","@graph":[{"@type":"WebPage","@id":"https:\/\/www.reencontro.pt\/index.php\/donativo\/","url":"https:\/\/www.reencontro.pt\/index.php\/donativo\/","name":"Donativo - Reencontro","isPartOf":{"@id":"https:\/\/www.reencontro.pt\/#website"},"datePublished":"2018-07-13T14:42:14+00:00","dateModified":"2018-07-17T12:39:37+00:00","breadcrumb":{"@id":"https:\/\/www.reencontro.pt\/index.php\/donativo\/#breadcrumb"},"inLanguage":"pt-PT","potentialAction":[{"@type":"ReadAction","target":["https:\/\/www.reencontro.pt\/index.php\/donativo\/"]}]},{"@type":"BreadcrumbList","@id":"https:\/\/www.reencontro.pt\/index.php\/donativo\/#breadcrumb","itemListElement":[{"@type":"ListItem","position":1,"name":"Home","item":"https:\/\/www.reencontro.pt\/"},{"@type":"ListItem","position":2,"name":"Donativo"}]},{"@type":"WebSite","@id":"https:\/\/www.reencontro.pt\/#website","url":"https:\/\/www.reencontro.pt\/","name":"Reencontro","description":"Associa\u00e7\u00e3o","publisher":{"@id":"https:\/\/www.reencontro.pt\/#organization"},"potentialAction":[{"@type":"SearchAction","target":{"@type":"EntryPoint","urlTemplate":"https:\/\/www.reencontro.pt\/?s={search_term_string}"},"query-input":{"@type":"PropertyValueSpecification","valueRequired":true,"valueName":"search_term_string"}}],"inLanguage":"pt-PT"},{"@type":"Organization","@id":"https:\/\/www.reencontro.pt\/#organization","name":"Associa\u00e7\u00e3o Reencontro","url":"https:\/\/www.reencontro.pt\/","logo":{"@type":"ImageObject","inLanguage":"pt-PT","@id":"https:\/\/www.reencontro.pt\/#\/schema\/logo\/image\/","url":"https:\/\/www.reencontro.pt\/wp-content\/uploads\/2018\/07\/logo11.png","contentUrl":"https:\/\/www.reencontro.pt\/wp-content\/uploads\/2018\/07\/logo11.png","width":443,"height":174,"caption":"Associa\u00e7\u00e3o Reencontro"},"image":{"@id":"https:\/\/www.reencontro.pt\/#\/schema\/logo\/image\/"},"sameAs":["https:\/\/www.facebook.com\/Reencontro-1465154387051680\/"]}]}},"_links":{"self":[{"href":"https:\/\/www.reencontro.pt\/index.php\/wp-json\/wp\/v2\/pages\/291","targetHints":{"allow":["GET"]}}],"collection":[{"href":"https:\/\/www.reencontro.pt\/index.php\/wp-json\/wp\/v2\/pages"}],"about":[{"href":"https:\/\/www.reencontro.pt\/index.php\/wp-json\/wp\/v2\/types\/page"}],"author":[{"embeddable":true,"href":"https:\/\/www.reencontro.pt\/index.php\/wp-json\/wp\/v2\/users\/4"}],"replies":[{"embeddable":true,"href":"https:\/\/www.reencontro.pt\/index.php\/wp-json\/wp\/v2\/comments?post=291"}],"version-history":[{"count":6,"href":"https:\/\/www.reencontro.pt\/index.php\/wp-json\/wp\/v2\/pages\/291\/revisions"}],"predecessor-version":[{"id":439,"href":"https:\/\/www.reencontro.pt\/index.php\/wp-json\/wp\/v2\/pages\/291\/revisions\/439"}],"wp:attachment":[{"href":"https:\/\/www.reencontro.pt\/index.php\/wp-json\/wp\/v2\/media?parent=291"}],"curies":[{"name":"wp","href":"https:\/\/api.w.org\/{rel}","templated":true}]}}